
What is the remainder when 244181 is divided by 68?
61
What is the remainder when 4849 is divided by 402?
25
What is the remainder when 192832 is divided by 9?
7
Calculate the remainder when 40937 is divided by 10230.
17
What is the remainder when 68552 is divided by 305?
232
What is the remainder when 34413 is divided by 1494?
51
What is the remainder when 426663 is divided by 106661?
19
What is the remainder when 530 is divided by 389?
141
What is the remainder when 1587774 is divided by 17?
8
What is the remainder when 14945 is divided by 110?
95
Calculate the remainder when 2411 is divided by 1207.
1204
What is the remainder when 59538 is divided by 350?
38
Calculate the remainder when 6912 is divided by 346.
338
What is the remainder when 101836 is divided by 50912?
12
Calculate the remainder when 1017883 is divided by 92.
87
Calculate the remainder when 1912 is divided by 128.
120
Calculate the remainder when 38291 is divided by 555.
551
What is the remainder when 8497 is divided by 159?
70
Calculate the remainder when 2497 is divided by 114.
103
Calculate the remainder when 427811 is divided by 21.
20
Calculate the remainder when 1420 is divided by 284.
0
What is the remainder when 51946 is divided by 4?
2
What is the remainder when 31350 is divided by 178?
22
What is the remainder when 9035 is divided by 475?
10
Calculate the remainder when 500090 is divided by 148.
146
Calculate the remainder when 8068 is divided by 802.
48
What is the remainder when 302302 is divided by 282?
280
Calculate the remainder when 5880 is divided by 542.
460
What is the remainder when 2181 is divided by 81?
75
What is the remainder when 40802 is divided by 203?
202
Calculate the remainder when 336 is divided by 162.
12
Calculate the remainder when 71067 is divided by 109.
108
What is the remainder when 2963 is divided by 2934?
29
Calculate the remainder when 1863180 is divided by 87.
75
Calculate the remainder when 17198 is divided by 2.
0
Calculate the remainder when 17220 is divided by 2145.
60
Calculate the remainder when 91511 is divided by 328.
327
Calculate the remainder when 1156206 is divided by 127.
125
What is the remainder when 15789 is divided by 355?
169
Calculate the remainder when 1818860 is divided by 136.
132
Calculate the remainder when 3228 is divided by 17.
15
Calculate the remainder when 2071 is divided by 992.
87
Calculate the remainder when 23700 is divided by 419.
236
Calculate the remainder when 110580 is divided by 55270.
40
What is the remainder when 197945 is divided by 1535?
1465
Calculate the remainder when 54504 is divided by 178.
36
What is the remainder when 36931 is divided by 3075?
31
Calculate the remainder when 14927 is divided by 2750.
1177
Calculate the remainder when 617566 is divided by 3489.
13
What is the remainder when 950 is divided by 172?
90
Calculate the remainder when 3486 is divided by 162.
84
Calculate the remainder when 72465 is divided by 459.
402
Calculate the remainder when 4432 is divided by 1436.
124
Calculate the remainder when 16525 is divided by 155.
95
What is the remainder when 23075 is divided by 41?
33
Calculate the remainder when 251418 is divided by 260.
258
Calculate the remainder when 528683 is divided by 24.
11
What is the remainder when 349915 is divided by 19?
11
What is the remainder when 30264 is divided by 5041?
18
Calculate the remainder when 7209 is divided by 249.
237
Calculate the remainder when 9015 is divided by 377.
344
Calculate the remainder when 6730 is divided by 616.
570
Calculate the remainder when 162223 is divided by 54.
7
Calculate the remainder when 10563 is divided by 10529.
34
What is the remainder when 7198 is divided by 225?
223
Calculate the remainder when 4160 is divided by 2077.
6
What is the remainder when 28076 is divided by 59?
51
What is the remainder when 550925 is divided by 153?
125
Calculate the remainder when 99116 is divided by 2306.
2264
Calculate the remainder when 5340 is divided by 162.
156
Calculate the remainder when 26735 is divided by 1887.
317
What is the remainder when 39331 is divided by 1753?
765
Calculate the remainder when 115161 is divided by 84.
81
What is the remainder when 12531 is divided by 627?
618
What is the remainder when 40318 is divided by 25?
18
What is the remainder when 3416 is divided by 890?
746
What is the remainder when 4619 is divided by 1028?
507
What is the remainder when 2699404 is divided by 674851?
0
Calculate the remainder when 38500 is divided by 4.
0
Calculate the remainder when 36385 is divided by 3.
1
What is the remainder when 32372 is divided by 822?
314
Calculate the remainder when 835495 is divided by 12.
7
What is the remainder when 6470 is divided by 43?
20
Calculate the remainder when 16604 is divided by 55.
49
What is the remainder when 14004 is divided by 61?
35
Calculate the remainder when 49985 is divided by 38.
15
Calculate the remainder when 1163 is divided by 120.
83
What is the remainder when 2095 is divided by 14?
9
What is the remainder when 226806 is divided by 18?
6
What is the remainder when 64588 is divided by 897?
4
Calculate the remainder when 473 is divided by 453.
20
Calculate the remainder when 4945 is divided by 1217.
77
Calculate the remainder when 1413 is divided by 185.
118
Calculate the remainder when 3147747 is divided by 1125.
1122
Calculate the remainder when 2381 is divided by 257.
68
Calculate the remainder when 45213 is divided by 40.
13
What is the remainder when 205193 is divided by 93?
35
Calculate the remainder when 17787 is divided by 391.
192
What is the remainder when 32599 is divided by 3620?
19
What is the remainder when 89636 is divided by 9951?
77
What is the remainder when 1442 is divided by 85?
82
Calculate the remainder when 865 is divided by 122.
11
What is the remainder when 121851 is divided by 2901?
9
What is the remainder when 6075 is divided by 832?
251
What is the remainder when 180621 is divided by 1806?
21
Calculate the remainder when 5271 is divided by 2487.
297
Calculate the remainder when 298767 is divided by 46.
43
What is the remainder when 1368 is divided by 596?
176
What is the remainder when 23599 is divided by 23354?
245
What is the remainder when 6473 is divided by 1253?
208
What is the remainder when 423224 is divided by 1603?
32
Calculate the remainder when 31211 is divided by 80.
11
Calculate the remainder when 6592 is divided by 44.
36
What is the remainder when 11103 is divided by 251?
59
What is the remainder when 1607 is divided by 416?
359
What is the remainder when 13157 is divided by 2300?
1657
What is the remainder when 64020 is divided by 268?
236
What is the remainder when 7638 is divided by 7628?
10
What is the remainder when 17879 is divided by 436?
3
What is the remainder when 2368 is divided by 575?
68
Calculate the remainder when 43369 is divided by 27.
7
Calculate the remainder when 19986 is divided by 565.
211
What is the remainder when 431879 is divided by 60?
59
What is the remainder when 718 is divided by 110?
58
Calculate the remainder when 3202871 is divided by 12.
11
Calculate the remainder when 467198 is divided by 504.
494
Calculate the remainder when 16028 is divided by 980.
348
Calculate the remainder when 2871 is divided by 2858.
13
What is the remainder when 23854 is divided by 1987?
10
Calculate the remainder when 790686 is divided by 185.
181
Calculate the remainder when 3195 is divided by 3140.
55
Calculate the remainder when 44368 is divided by 944.
0
Calculate the remainder when 57140 is divided by 9522.
8
What is the remainder when 160368 is divided by 276?
12
What is the remainder when 4012 is divided by 3745?
267
What is the remainder when 1662 is divided by 185?
182
What is the remainder when 6704 is divided by 423?
359
Calculate the remainder when 925529 is divided by 186.
179
Calculate the remainder when 539051 is divided by 105.
86
What is the remainder when 16158 is divided by 41?
4
Calculate the remainder when 167605 is divided by 20.
5
Calculate the remainder when 59518 is divided by 1417.
4
What is the remainder when 25744 is divided by 103?
97
What is the remainder when 53652 is divided by 203?
60
Calculate the remainder when 1468 is divided by 280.
68
What is the remainder when 2404 i